ighest common divisor of k and l.
4
Let i = -223 + 169. Let z be 6 - (-9)/(i/(-924)). Calculate the highest common divisor of z and 20.
20
Let c = -3 - -6. Suppose -298*r + 1190 + 2600 + 10514 = 0. Calculate the highest common factor of r and c.
3
Let q be (18 - 2) + (-2 - 0). Suppose 39*c - 44*c + 25 = 0. Let n be c - (-40 + 3 - 0). What is the greatest common divisor of q and n?
14
Suppose -113*c + 530 = -108*c. Let x = 26 + c. Calculate the greatest common factor of x and 12.
12
Suppose -31*m + 15732 - 2836 = 0. Calculate the highest common divisor of 448 and m.
32
Let s(d) = -4*d + 251. Let x be s(-76). What is the greatest common divisor of 1221 and x?
111
Let l(i) = 4*i + 4. Let z be l(7). Suppose 5024 = 165*s - 87*s + 79*s. What is the highest common factor of z and s?
32
Suppose -84*p - 125 + 1301 = 0. Calculate the highest common divisor of p and 8372.
14
Let r(y) = -y + 17. Let n be r(12). Let z(b) = 2*b + 41. Let w = 48 + -36. Let v be z(w). Calculate the highest common factor of n and v.
5
Let u(h) = 3*h**3 - 10*h**2 + 4*h - 5. Suppose 0 = 2*m - 7*m - 125. Let o = m + 30. Let f be u(o). Calculate the greatest common factor of 20 and f.
20
Suppose 5*t - 75 - 2935 = -2*v, -5*v + 1183 = 2*t. What is the greatest common factor of t and 12?
4
Let p = -115 + 118. Suppose b + 16 = 4*o - p*b, -5*b + 10 = 5*o. Let i be -1 + (17 - (0 - -1)). What is the highest common factor of i and o?
3
Let h be (-21)/(-18) + (-5)/(-6). Suppose -h*j = -471 - 491. What is the greatest common divisor of j and 13?
13
Suppose 2*n + 47*n - 7200 = 4*n. Suppose -177 = d - 2*d + 5*t, 0 = 2*d - 2*t - 378. What is the greatest common factor of d and n?
32
Let c(k) = -6*k + 22. Let z(n) = 4*n - 20. Let v(w) = -3*c(w) - 2*z(w). Let a be v(5). Calculate the highest common divisor of a and 64.
8
Suppose -9*l + 34 - 34 = 0. Suppose l = -5*j - 15, -183 = -5*k + j - 65. Calculate the highest common factor of 115 and k.
23
Suppose 6*l = -39 - 81. Let r = l - -28. Let u = -37 + 45. Calculate the greatest common factor of u and r.
8
Let p be ((-18)/(-5))/2*(-125)/(-225)*1419. What is the greatest common factor of p and 301?
43
Let b = 9706 - 9351. Calculate the greatest common divisor of 135 and b.
5
Let o(j) = -86*j + 1807. Let l be o(20). Calculate the highest common divisor of l and 261.
87
Let u = 21152 - 21042. Calculate the greatest common factor of 1045 and u.
55
Let i(s) = -27 + 39 - s + 30 - 3*s. Let c be i(4). Let g(o) = 5*o**2 + 12*o + 10. Let y be g(-8). What is the greatest common factor of y and c?
26
Suppose -3*w + 79 = 4*r, w - 55 = -3*r - 2. Let n(a) = -a**2 + 13*a + 51. Let l be n(r). What is the highest common factor of l and 6?
3
Let w = 24185 + -23896. What is the greatest common divisor of 221 and w?
17
Let l = -189 - -194. Suppose l*p - 320 = 5*f - 1455, 4*f - p - 920 = 0. Calculate the greatest common factor of 21 and f.
21
Let v = 1734 + -1611. Calculate the highest common divisor of v and 1599.
123
Let c(d) = d**3 + 18*d**2 + 35*d - 21. Let r be c(-16). Let g be 6/8 - r/4. Calculate the greatest common factor of g and 2.
2
Let l(w) = -3*w**3 + 83*w**2 - 262*w - 39. Let y be l(24). Calculate the greatest common divisor of y and 43074.
9
Suppose 10*z - 8*z = 26. Let j(r) = 8*r - 66. Let s(g) = 11*g - 99. Let t(n) = 7*j(n) - 5*s(n). Let k be t(z). What is the greatest common factor of 23 and k?
23
Let y be 1746 + (-2 + -3)/(340/24 - 15). Calculate the greatest common factor of 9 and y.
3
Let w = 601 + -598. Suppose -w*b - 10 + 1494 = -2*i, i = -1. What is the greatest common divisor of 26 and b?
26
Let w be (-64)/(-10) - (-8)/(-20). Let g = 427 - 421. What is the greatest common divisor of g and w?
6
Let n = -1151 - -2728. Calculate the highest common factor of n and 166.
83
Let n be 143 + (24 - 27 - -30). Calculate the highest common factor of n and 300.
10
Let h be ((-8)/(-10))/(-8*24/960). Let f(i) = 9 + i**2 + i - 3 - 5*i. Let c be f(h). Calculate the highest common divisor of 304 and c.
38
Let i(b) = 16*b - 307. Let n be i(35). Let d = n + -73. What is the greatest common factor of 220 and d?
20
Suppose 26*p + 17*p - 3655 = 0. Let h = 13 - -30. Suppose -4*c + h = -p. Calculate the highest common divisor of c and 8.
8
Let w be 4*((-116)/16 + 6)*-116 + 0. Calculate the highest common divisor of 9164 and w.
116
Let x be (272 + 58)/(2/82). Calculate the highest common divisor of 60 and x.
30
Suppose 2*a + 3*w - 3313 - 4249 = 0, 10*w + 18835 = 5*a. Calculate the highest common factor of 50 and a.
25
Let a = -27071 + 28875. Calculate the greatest common divisor of a and 440.
44
Let g(b) = 6*b - 36. Suppose -25*q + 22*q = -21. Suppose -s + q = -1. Let k be g(s). Calculate the greatest common factor of k and 12.
12
Let b = 129 + -129. Suppose 5*a = -b*a + 130. Suppose 5*i - 384 = -3*o, -3*i + 2*o = i - 316. What is the greatest common divisor of i and a?
26
Suppose -5*y + 393 = -12. Suppose 0 = -10*s + 43 + 7. Let d(v) = 11*v - 37. Let m be d(s). What is the highest common divisor of y and m?
9
Suppose -f + 77*o = 76*o - 6, 0 = f - 5*o + 2. What is the greatest common divisor of 28 and f?
4
Let v(t) = 112*t**2 - 230*t + 228. Let y be v(1). What is the greatest common divisor of y and 858?
22
Let s = 4438 + -3889. Calculate the greatest common factor of 207 and s.
9
Suppose 3*q - 492 = -4*k, -52*q + 48*q + 266 = 2*k. Let d(y) = 22*y + 2. Let m be d(7). Calculate the greatest common factor of k and m.
39
Let x = -7347 + 7843. Calculate the highest common factor of x and 155.
31
Suppose 0 = 3*h - 3*x + 207, 5*x = 9*h - 7*h + 126. Let w = h + 75. Suppose 0 = -5*i, w*u + 2*i - 3 = 19. What is the greatest common factor of u and 121?
11
Let c be 0*((-7)/(-2) - 3). Suppose c*q = -q. Let h(g) = -g**3 + 2*g**2 - g + 28. Let u be h(q). Calculate the highest common factor of u and 84.
28
Suppose -17*g + 4*g = -21*g + 2960. Calculate the greatest common divisor of g and 20.
10
Suppose -5*o + 0*o + 125 = 0. Suppose 2*r - 7*c + 2*c + 809 = 0, -4*c - 411 = r. Let u be 740/r*(-22)/4. What is the greatest common factor of o and u?
5
Let n be (192/(-80))/((-4)/130). Suppose -61*x = -n*x + 85. What is the greatest common divisor of x and 5?
5
Suppose 1533 = -19*t - 1070. Let k = -104 - t. Suppose 0 = -4*n - 3*c + 8 + 4, -5*c - 15 = -5*n. What is the highest common divisor of n and k?
3
Let g(j) = -j**3 - 7*j**2 + 6*j + 8. Let l = -132 - -123. Let u be g(l). Calculate the highest common factor of u and 12.
4
Let b(a) = a**3 + 15*a**2 - 6*a - 6. Let g be b(-15). Suppose -o = -0*o - 2. Suppose 2*s - o = 22. What is the highest common divisor of s and g?
12
Suppose -3*k + 2*v = -113, 4*k - 10 - 94 = -4*v. Calculate the greatest common divisor of 1617 and k.
33
Let j(g) = -93*g + 4837. Let v be j(-31). What is the highest common factor of 40 and v?
40
Suppose 18889 = 7*l + 2*k, 6*k = -l + 3*k + 2674. What is the highest common factor of 1168 and l?
73
Suppose -40 = 8*q - 18*q. Suppose 18 = -q*y + 86. Suppose 0*w = -2*w + 34. Calculate the highest common divisor of y and w.
17
Let j be (-97 + 10)*(3 + (-1 - 3)). Calculate the highest common factor of 27 and j.
3
Suppose -11191 = -3*j - 4*m, -j = 352*m - 357*m - 3762. What is the highest common divisor of 185 and j?
37
Suppose -68 = -9*n + 5*n. Suppose c - 2*x = 12, -5*x - n = -5*c + 28. Let b(r) = -5*r + 33. Let l be b(c). What is the highest common factor of 2 and l?
1
Suppose -16*f + 3524 = -1740. Calculate the highest common divisor of f and 893.
47
Let k(j) = 63*j + 581. Let p be k(-8). What is the highest common factor of 2464 and p?
77
Let r(q) = 4*q + 11. Let l be r(-2). Suppose -69 = l*s - 303. Let h be -4*(-2)/4 + s + -8. What is the greatest common factor of h and 24?
24
Suppose -36*t = -97*t - 75*t + 1088. What is the highest common factor of t and 3368?
8
Let p be (3/(-4) + -1)/(9/108). Let h be (p/4)/((-9)/144). Calculate the greatest common divisor of h and 24.
12
Suppose 5*n = 22*n - 1564. Suppose -79*a = -n*a + 2431. Calculate the highest common divisor of a and 88.
11
Let x be 2/(-4) - (-2823)/6. Let u be ((-87)/58 + (-2)/24*38)*(-270)/126. What is the highest common divisor of u and x?
10
Let n = -4992 + 5004. What is the greatest common factor of 6 and n?
6
Let d(r) = 6*r - 2*r + 989 - 911 + 4*r. Let j be d